{"id":2875,"date":"2016-04-19T18:04:55","date_gmt":"2016-04-19T16:04:55","guid":{"rendered":"http:\/\/www.vergissmi.net\/?page_id=2875"},"modified":"2016-04-20T14:11:33","modified_gmt":"2016-04-20T12:11:33","slug":"zeitplan","status":"publish","type":"page","link":"https:\/\/www.vergissmi.net\/?page_id=2875","title":{"rendered":"Zeitplan"},"content":{"rendered":"<h1 style=\"text-align: justify;\">Zeitplan Wien &#8211; Monaco, Juni &#8211; Oktober 2016<\/h1>\n<h4 style=\"text-align: justify;\"><\/h4>\n<h4 style=\"text-align: justify;\"><em><strong>Erfreulicherweise haben schon einige Freunde angek\u00fcndigt, ein paar Tage mit mir mitzukommen. Manche denken sogar im Ausma\u00df einer Urlaubswoche dar\u00fcber nach (was ab S\u00fcdtirol auch sinnvoll ist, damit sich die Anreise auch lohnt). Wie beispielsweise G\u00fcnther, der noch zwischen einer Dolomiten\u00fcberschreitung und der Ortlergruppe schwankt. Oder mein junggebliebener Uraltfreund Andi, der gro\u00dfe Sehnsucht nach der Texelgruppe bekundet hat. Oder Ro[si\/man] &#8211; die beiden sind sich zwar noch nicht sicher, wo genau sie mit von der Partie sind, doch dass sie mitkommen, ist &#8211; kann man glaub&#8217; ich sagen &#8211; fix.<\/strong><\/em><\/h4>\n<p style=\"text-align: justify;\"><em>Um die Urlaubsplanung ein wenig einfacher zu machen, habe ich die Tour nun in f\u00fcnf Abschnitte gegliedert, die wiederum aus mehreren Wochenbl\u00f6cken bestehen. Es existiert sogar eine noch genauere Planung, doch da ich \u00fcberzeugt davon bin, dass sp\u00e4testens nach drei Tagen irgendetwas Kurioses passieren wird, das den gesamten Plan (wenn schon nicht \u00fcber den Haufen wirft, dann zumindest in seiner Akkuranz) gef\u00e4hrdet, werde ich die genaue Etappenliste ab nun auch nicht mehr warten. Sie diente der Planung und der Einsch\u00e4tzung der Etappenl\u00e4ngen. Ob es dann wirklich so kommt, muss ich vorab gar nicht so genau wissen.<br \/>\n<\/em><\/p>\n<p style=\"text-align: justify;\"><span style=\"color: #ffcc99;\">.<\/span><\/p>\n<p style=\"text-align: justify;\"><a href=\"https:\/\/www.vergissmi.net\/wp-content\/uploads\/2015\/07\/PTXM3467.jpg\" rel=\"lightbox[2875]\"><img fetchpriority=\"high\" decoding=\"async\" class=\"aligncenter wp-image-1851 \" src=\"https:\/\/www.vergissmi.net\/wp-content\/uploads\/2015\/07\/PTXM3467-300x169.jpg\" alt=\"PTXM3467\" width=\"502\" height=\"283\" srcset=\"https:\/\/www.vergissmi.net\/wp-content\/uploads\/2015\/07\/PTXM3467-300x169.jpg 300w, https:\/\/www.vergissmi.net\/wp-content\/uploads\/2015\/07\/PTXM3467-1024x576.jpg 1024w\" sizes=\"(max-width: 502px) 100vw, 502px\" \/><\/a><\/p>\n<p><!--more--><\/p>\n<h2><span style=\"color: #ffcc99;\">\u00a0.<\/span><\/h2>\n<h2><span style=\"color: #800000;\">1. Abschnitt (Wien &#8211; Osttirol)<\/span><\/h2>\n<p style=\"text-align: justify;\">Der Weg von Wien f\u00fchrt \u00fcber den Semmering in die Fischbacher Alpen und weiter durch das Grazer Bergland zur Koralpe. Entlang der \u00f6sterreichischen S\u00fcdgrenze geht es zu den Steiner Alpen im Norden Sloweniens. Entlang des Karawankenzuges wird der Triglav Nationalpark erreicht und durchquert. \u00dcber Tarvis komme ich zum Karnischen Hauptkamm, dem ich bis zu den Sextener Dolomiten folge.<\/p>\n<p style=\"text-align: justify;\">Die ersten 200 Kilometer zwischen Wien und Graz dienen als Vorlaufzeit, um die Ausr\u00fcstung auszuprobieren &#8211; und sind ein letzter verzweifelter Versuch, das Verh\u00e4ltnis zwischen K\u00f6rper- und Rucksackgewicht zu optimieren, wenn Ihr versteht, was ich meine. Jeder ist eingeladen, nach Lust und Laune mitzukommen. Das ist ja hier im Osten dank der S\u00fcdbahn watsch&#8217;neinfach.<\/p>\n<p style=\"padding-left: 60px;\"><strong>April &#8211; Mitte Juni: Wien &#8211; Graz<\/strong><br \/>\n<strong> KW 24 (13. Juni): Graz &#8211; Bleiburg<\/strong><br \/>\n<strong> KW 25 (20. Juni): Bleiburg &#8211; Steiner Alpen &#8211; Klagenfurter H\u00fctte<\/strong><br \/>\n<strong> KW 26 (27. Juni): Klagenfurter H\u00fctte &#8211; Nassfeld<\/strong><br \/>\n<strong> KW 27 (04. Juli): Nassfeld &#8211; Sexten<\/strong><\/p>\n<p>&nbsp;<\/p>\n<h2><span style=\"color: #800000;\">2. Abschnitt (Quer durch S\u00fcdtirol)<\/span><\/h2>\n<p style=\"text-align: justify;\">Von Sexten m\u00f6chte ich mir die sicherlich stark besuchten, dennoch f\u00fcr mich sehr reizvollen Bergprominenzen der zentralen Dolomiten ansehen, und daher vorbei an den Drei Zinnen nach Cortina d&#8217;Ampezzo gehen. \u00dcber den Sellastock komme ich dann zu Schlern und Seiser Alm. Aus heutiger Sicht habe ich keine Lust auf Bozener Asphaltgewusel, und werde daher den besten Weg in die Sarntaler Alpen suchen (vermutlich \u00fcber V\u00f6ls oder Kastelruth). \u00dcber das Rittner Horn komme ich dann schon irgendwie nach Meran, von wo aus ich durchs Vinschgau in den <em>Parco Nazionale dello Stelvio<\/em>, also zum Stilfser Joch weiterziehe.<\/p>\n<p style=\"padding-left: 60px;\"><strong>KW 28 (11. Juli): Sexten &#8211; V\u00f6ls am Schlern<\/strong><br \/>\n<strong> KW 29 (18. Juli): V\u00f6ls &#8211; Vinschgau<\/strong><br \/>\n<strong> KW 30 (25. Juli): Vinschgau &#8211; Rif. Shiazzera<\/strong><\/p>\n<p style=\"padding-left: 60px;\">.<\/p>\n<p><a href=\"https:\/\/www.vergissmi.net\/wp-content\/uploads\/2015\/08\/PTXM4147-Large.jpg\" rel=\"lightbox[2875]\"><img decoding=\"async\" class=\"aligncenter  wp-image-1904\" src=\"https:\/\/www.vergissmi.net\/wp-content\/uploads\/2015\/08\/PTXM4147-Large-300x199.jpg\" alt=\"PTXM4147 (Large)\" width=\"451\" height=\"299\" srcset=\"https:\/\/www.vergissmi.net\/wp-content\/uploads\/2015\/08\/PTXM4147-Large-300x199.jpg 300w, https:\/\/www.vergissmi.net\/wp-content\/uploads\/2015\/08\/PTXM4147-Large-1024x678.jpg 1024w, https:\/\/www.vergissmi.net\/wp-content\/uploads\/2015\/08\/PTXM4147-Large.jpg 1631w\" sizes=\"(max-width: 451px) 100vw, 451px\" \/><\/a><\/p>\n<h2><span style=\"color: #800000;\">3. Abschnitt (Sondrio &#8211; Graub\u00fcnden &#8211; Tessin)<\/span><\/h2>\n<p style=\"text-align: justify;\">Auf diesem Abschnitt geht es einmal links, einmal rechts der italienisch-schweizerischen Grenze durch die Gebirge n\u00f6rdlich der oberitalienischen Seen (Garda, Como), die ich jedoch vermutlich nicht sehen werde. Die Gebirgswege &#8211; in meinem Fall folge ich vorrangig der Via Alpina Rot &#8211; verlaufen durch Livigno-, Bernina- und Bergellgruppe, wo man auch ohne Schwimmflossen ganz gut vom Fleck kommt. Am Lago Maggiore komme ich zu meinem gro\u00dfen Zwischenziel auf der gesamten Tour, denn hier ist ungef\u00e4hr die H\u00e4lfte des Weges gemeistert &#8211; und mein Buch fertig recherchiert. Wie es der Zufall so will, komme ich hier auch in die Region der Piomontinischen Weinbauern, und betrete den GTA &#8211; einen ganz speziellen Weitwanderweg, dem ich hier sicher noch ein paar Zeilen widmen werde.<\/p>\n<p style=\"padding-left: 60px;\"><strong>KW 31 (01. August): Rif. Shiazzera &#8211; Juf<\/strong><br \/>\n<strong> KW 32 (08. August): Juf &#8211; Lago Maggiore<\/strong><br \/>\n<strong> KW 33 (15. August): Lago Maggiore &#8211; Rimella<\/strong><\/p>\n<p>&nbsp;<\/p>\n<h2><span style=\"color: #800000;\">4. Abschnitt (Piemont &#8211; Gran Paradiso)<\/span><\/h2>\n<p style=\"text-align: justify;\">Eines vorweg: Wer am GTA mitkommen will, muss ein wenig flexibler sein als anderswo, denn die Wegf\u00fchrung vermeidet touristische Anlaufpunkte wie der Teufel das Weihwasser. Aber es ist auch nicht unm\u00f6glich &#8211; dennoch aus heutiger Sicht ein Bl\u00f6dsinn, sich Monate vorher eine genaue H\u00fctte als Treffpunkt auszumachen.<\/p>\n<p style=\"padding-left: 60px;\"><strong>KW 34 (22. August): Rimella &#8211; SSan Giovanni<\/strong><br \/>\n<strong> KW 35 (29. August): SSan Giovanni &#8211; Ronco Cavanese<\/strong><br \/>\n<strong> KW 36 (05. September): Ronco Cavanese &#8211; Cornetti<\/strong><br \/>\n<strong> KW 37 (12. September): Cornetti &#8211; Alpe Toglie<\/strong><br \/>\n<strong> KW 38 (19. September): Alpe Toglie &#8211; Pian Melze<\/strong><br \/>\n<strong> KW 39 (26. September): Pian Melze &#8211; Larche<\/strong><\/p>\n<p>&nbsp;<\/p>\n<h2><span style=\"color: #800000;\">5. Abschnitt (Frankreich &#8211; Monaco)<\/span><\/h2>\n<p>Auf den letzten Tagen bin ich bereits ausgebucht \ud83d\ude42<\/p>\n<p style=\"padding-left: 60px;\"><strong>KW 40 (02. Oktober): Larche &#8211; St. Martin<\/strong><br \/>\n<strong> KW 41 (09. Oktober): St. Martin &#8211; Monaco<\/strong><\/p>\n<p>&nbsp;<\/p>\n","protected":false},"excerpt":{"rendered":"<div class=\"tmnf_excerpt\"><div class=\"tmnf_excerpt\"><p>Zeitplan Wien &#8211; Monaco, Juni &#8211; Oktober 2016 Erfreulicherweise haben schon einige Freunde angek\u00fcndigt, ein paar Tage mit mir mitzukommen. Manche denken sogar im Ausma\u00df einer Urlaubswoche dar\u00fcber nach (was ab S\u00fcdtirol auch sinnvoll ist, damit sich die Anreise auch lohnt). Wie beispielsweise G\u00fcnther, der noch zwischen einer Dolomiten\u00fcberschreitung und der Ortlergruppe schwankt. Oder mein &hellip;<\/p>\n<\/div><\/div>","protected":false},"author":61,"featured_media":1931,"parent":0,"menu_order":0,"comment_status":"closed","ping_status":"closed","template":"homepage.php","meta":{"_s2mail":"","footnotes":""},"class_list":["post-2875","page","type-page","status-publish","has-post-thumbnail","hentry","gallery-content-unit"],"_links":{"self":[{"href":"https:\/\/www.vergissmi.net\/index.php?rest_route=\/wp\/v2\/pages\/2875","targetHints":{"allow":["GET"]}}],"collection":[{"href":"https:\/\/www.vergissmi.net\/index.php?rest_route=\/wp\/v2\/pages"}],"about":[{"href":"https:\/\/www.vergissmi.net\/index.php?rest_route=\/wp\/v2\/types\/page"}],"author":[{"embeddable":true,"href":"https:\/\/www.vergissmi.net\/index.php?rest_route=\/wp\/v2\/users\/61"}],"replies":[{"embeddable":true,"href":"https:\/\/www.vergissmi.net\/index.php?rest_route=%2Fwp%2Fv2%2Fcomments&post=2875"}],"version-history":[{"count":24,"href":"https:\/\/www.vergissmi.net\/index.php?rest_route=\/wp\/v2\/pages\/2875\/revisions"}],"predecessor-version":[{"id":2905,"href":"https:\/\/www.vergissmi.net\/index.php?rest_route=\/wp\/v2\/pages\/2875\/revisions\/2905"}],"wp:featuredmedia":[{"embeddable":true,"href":"https:\/\/www.vergissmi.net\/index.php?rest_route=\/wp\/v2\/media\/1931"}],"wp:attachment":[{"href":"https:\/\/www.vergissmi.net\/index.php?rest_route=%2Fwp%2Fv2%2Fmedia&parent=2875"}],"curies":[{"name":"wp","href":"https:\/\/api.w.org\/{rel}","templated":true}]}}

<h1 style="text-align: justify;">Zeitplan Wien &#8211; Monaco, Juni &#8211; Oktober 2016</h1>
<h4 style="text-align: justify;"></h4>
<h4 style="text-align: justify;"><em><strong>Erfreulicherweise haben schon einige Freunde angekündigt, ein paar Tage mit mir mitzukommen. Manche denken sogar im Ausmaß einer Urlaubswoche darüber nach (was ab Südtirol auch sinnvoll ist, damit sich die Anreise auch lohnt). Wie beispielsweise Günther, der noch zwischen einer Dolomitenüberschreitung und der Ortlergruppe schwankt. Oder mein junggebliebener Uraltfreund Andi, der große Sehnsucht nach der Texelgruppe bekundet hat. Oder Ro[si/man] &#8211; die beiden sind sich zwar noch nicht sicher, wo genau sie mit von der Partie sind, doch dass sie mitkommen, ist &#8211; kann man glaub&#8217; ich sagen &#8211; fix.</strong></em></h4>
<p style="text-align: justify;"><em>Um die Urlaubsplanung ein wenig einfacher zu machen, habe ich die Tour nun in fünf Abschnitte gegliedert, die wiederum aus mehreren Wochenblöcken bestehen. Es existiert sogar eine noch genauere Planung, doch da ich überzeugt davon bin, dass spätestens nach drei Tagen irgendetwas Kurioses passieren wird, das den gesamten Plan (wenn schon nicht über den Haufen wirft, dann zumindest in seiner Akkuranz) gefährdet, werde ich die genaue Etappenliste ab nun auch nicht mehr warten. Sie diente der Planung und der Einschätzung der Etappenlängen. Ob es dann wirklich so kommt, muss ich vorab gar nicht so genau wissen.<br />
</em></p>
<p style="text-align: justify;"><span style="color: #ffcc99;">.</span></p>
<p style="text-align: justify;"><a href="https://www.vergissmi.net/wp-content/uploads/2015/07/PTXM3467.jpg" rel="lightbox[2875]"><img fetchpriority="high" decoding="async" class="aligncenter wp-image-1851 " src="https://www.vergissmi.net/wp-content/uploads/2015/07/PTXM3467-300x169.jpg" alt="PTXM3467" width="502" height="283" srcset="https://www.vergissmi.net/wp-content/uploads/2015/07/PTXM3467-300x169.jpg 300w, https://www.vergissmi.net/wp-content/uploads/2015/07/PTXM3467-1024x576.jpg 1024w" sizes="(max-width: 502px) 100vw, 502px" /></a></p>
<p><!--more--></p>
<h2><span style="color: #ffcc99;"> .</span></h2>
<h2><span style="color: #800000;">1. Abschnitt (Wien &#8211; Osttirol)</span></h2>
<p style="text-align: justify;">Der Weg von Wien führt über den Semmering in die Fischbacher Alpen und weiter durch das Grazer Bergland zur Koralpe. Entlang der österreichischen Südgrenze geht es zu den Steiner Alpen im Norden Sloweniens. Entlang des Karawankenzuges wird der Triglav Nationalpark erreicht und durchquert. Über Tarvis komme ich zum Karnischen Hauptkamm, dem ich bis zu den Sextener Dolomiten folge.</p>
<p style="text-align: justify;">Die ersten 200 Kilometer zwischen Wien und Graz dienen als Vorlaufzeit, um die Ausrüstung auszuprobieren &#8211; und sind ein letzter verzweifelter Versuch, das Verhältnis zwischen Körper- und Rucksackgewicht zu optimieren, wenn Ihr versteht, was ich meine. Jeder ist eingeladen, nach Lust und Laune mitzukommen. Das ist ja hier im Osten dank der Südbahn watsch&#8217;neinfach.</p>
<p style="padding-left: 60px;"><strong>April &#8211; Mitte Juni: Wien &#8211; Graz</strong><br />
<strong> KW 24 (13. Juni): Graz &#8211; Bleiburg</strong><br />
<strong> KW 25 (20. Juni): Bleiburg &#8211; Steiner Alpen &#8211; Klagenfurter Hütte</strong><br />
<strong> KW 26 (27. Juni): Klagenfurter Hütte &#8211; Nassfeld</strong><br />
<strong> KW 27 (04. Juli): Nassfeld &#8211; Sexten</strong></p>
<p>&nbsp;</p>
<h2><span style="color: #800000;">2. Abschnitt (Quer durch Südtirol)</span></h2>
<p style="text-align: justify;">Von Sexten möchte ich mir die sicherlich stark besuchten, dennoch für mich sehr reizvollen Bergprominenzen der zentralen Dolomiten ansehen, und daher vorbei an den Drei Zinnen nach Cortina d&#8217;Ampezzo gehen. Über den Sellastock komme ich dann zu Schlern und Seiser Alm. Aus heutiger Sicht habe ich keine Lust auf Bozener Asphaltgewusel, und werde daher den besten Weg in die Sarntaler Alpen suchen (vermutlich über Völs oder Kastelruth). Über das Rittner Horn komme ich dann schon irgendwie nach Meran, von wo aus ich durchs Vinschgau in den <em>Parco Nazionale dello Stelvio</em>, also zum Stilfser Joch weiterziehe.</p>
<p style="padding-left: 60px;"><strong>KW 28 (11. Juli): Sexten &#8211; Völs am Schlern</strong><br />
<strong> KW 29 (18. Juli): Völs &#8211; Vinschgau</strong><br />
<strong> KW 30 (25. Juli): Vinschgau &#8211; Rif. Shiazzera</strong></p>
<p style="padding-left: 60px;">.</p>
<p><a href="https://www.vergissmi.net/wp-content/uploads/2015/08/PTXM4147-Large.jpg" rel="lightbox[2875]"><img decoding="async" class="aligncenter  wp-image-1904" src="https://www.vergissmi.net/wp-content/uploads/2015/08/PTXM4147-Large-300x199.jpg" alt="PTXM4147 (Large)" width="451" height="299" srcset="https://www.vergissmi.net/wp-content/uploads/2015/08/PTXM4147-Large-300x199.jpg 300w, https://www.vergissmi.net/wp-content/uploads/2015/08/PTXM4147-Large-1024x678.jpg 1024w, https://www.vergissmi.net/wp-content/uploads/2015/08/PTXM4147-Large.jpg 1631w" sizes="(max-width: 451px) 100vw, 451px" /></a></p>
<h2><span style="color: #800000;">3. Abschnitt (Sondrio &#8211; Graubünden &#8211; Tessin)</span></h2>
<p style="text-align: justify;">Auf diesem Abschnitt geht es einmal links, einmal rechts der italienisch-schweizerischen Grenze durch die Gebirge nördlich der oberitalienischen Seen (Garda, Como), die ich jedoch vermutlich nicht sehen werde. Die Gebirgswege &#8211; in meinem Fall folge ich vorrangig der Via Alpina Rot &#8211; verlaufen durch Livigno-, Bernina- und Bergellgruppe, wo man auch ohne Schwimmflossen ganz gut vom Fleck kommt. Am Lago Maggiore komme ich zu meinem großen Zwischenziel auf der gesamten Tour, denn hier ist ungefähr die Hälfte des Weges gemeistert &#8211; und mein Buch fertig recherchiert. Wie es der Zufall so will, komme ich hier auch in die Region der Piomontinischen Weinbauern, und betrete den GTA &#8211; einen ganz speziellen Weitwanderweg, dem ich hier sicher noch ein paar Zeilen widmen werde.</p>
<p style="padding-left: 60px;"><strong>KW 31 (01. August): Rif. Shiazzera &#8211; Juf</strong><br />
<strong> KW 32 (08. August): Juf &#8211; Lago Maggiore</strong><br />
<strong> KW 33 (15. August): Lago Maggiore &#8211; Rimella</strong></p>
<p>&nbsp;</p>
<h2><span style="color: #800000;">4. Abschnitt (Piemont &#8211; Gran Paradiso)</span></h2>
<p style="text-align: justify;">Eines vorweg: Wer am GTA mitkommen will, muss ein wenig flexibler sein als anderswo, denn die Wegführung vermeidet touristische Anlaufpunkte wie der Teufel das Weihwasser. Aber es ist auch nicht unmöglich &#8211; dennoch aus heutiger Sicht ein Blödsinn, sich Monate vorher eine genaue Hütte als Treffpunkt auszumachen.</p>
<p style="padding-left: 60px;"><strong>KW 34 (22. August): Rimella &#8211; SSan Giovanni</strong><br />
<strong> KW 35 (29. August): SSan Giovanni &#8211; Ronco Cavanese</strong><br />
<strong> KW 36 (05. September): Ronco Cavanese &#8211; Cornetti</strong><br />
<strong> KW 37 (12. September): Cornetti &#8211; Alpe Toglie</strong><br />
<strong> KW 38 (19. September): Alpe Toglie &#8211; Pian Melze</strong><br />
<strong> KW 39 (26. September): Pian Melze &#8211; Larche</strong></p>
<p>&nbsp;</p>
<h2><span style="color: #800000;">5. Abschnitt (Frankreich &#8211; Monaco)</span></h2>
<p>Auf den letzten Tagen bin ich bereits ausgebucht 🙂</p>
<p style="padding-left: 60px;"><strong>KW 40 (02. Oktober): Larche &#8211; St. Martin</strong><br />
<strong> KW 41 (09. Oktober): St. Martin &#8211; Monaco</strong></p>
<p>&nbsp;</p>

<div class="tmnf_excerpt"><div class="tmnf_excerpt"><p>Zeitplan Wien &#8211; Monaco, Juni &#8211; Oktober 2016 Erfreulicherweise haben schon einige Freunde angekündigt, ein paar Tage mit mir mitzukommen. Manche denken sogar im Ausmaß einer Urlaubswoche darüber nach (was ab Südtirol auch sinnvoll ist, damit sich die Anreise auch lohnt). Wie beispielsweise Günther, der noch zwischen einer Dolomitenüberschreitung und der Ortlergruppe schwankt. Oder mein &hellip;</p>
</div></div>
